he tens digit of y?
2
Suppose -4*y = 5 + 7. Let t be (-30)/((-2)/((-4)/y)). Let w = 28 - t. What is the units digit of w?
8
Suppose 4*y - 104 = 404. What is the tens digit of y?
2
Let p(a) = a**2 + 10*a. Let q be p(-8). Let g = q + 23. What is the units digit of g?
7
Let w = 37 - 14. Suppose -4*v = -21 - 7. Suppose 3*l = -2*j + v*l + 40, w = j - 3*l. What is the tens digit of j?
1
Let y = -6 + 8. What is the units digit of 9 - (y - (-2)/2)?
6
Suppose 0 = -3*j + 17 + 28. Suppose -3*z = 2*z + j, 2*b - 5 = -5*z. What is the units digit of b?
0
What is the units digit of ((-3)/3)/(1/(-6))?
6
Suppose -3*c + w = -5*c - 3, -2*c + 3*w = 15. Let a be (-44)/6 - c/9. Let x = -2 - a. What is the units digit of x?
5
Suppose -4*f = z - 13 + 5, -4*f - 3*z = -8. Suppose 0 = -v - 2*v + f*j + 55, 0 = -v - 3*j + 22. Suppose k = -8 + v. What is the tens digit of k?
1
Suppose 120 = -2*o + 5*o. Let v = -18 + o. What is the units digit of v?
2
Let a = 8 - 12. Let g be ((-40)/15)/((-1)/(-3)). Let p = a - g. What is the units digit of p?
4
Let a(j) = 2*j + 4. Let x be a(0). Suppose -16 = -g + x. What is the tens digit of g?
2
Suppose 3 + 3 = -p. Suppose -3 = 4*t - t. Let m = t - p. What is the units digit of m?
5
Let p(i) = i**3 + 7*i**2 - 8*i + 2. Let t be 72/20 + 6/(-10). Let o be (8/t)/((-7)/21). What is the units digit of p(o)?
2
Let g(k) = k**2 + 8*k. Let b be g(-8). Suppose b = 3*n + 2*n - 2*z - 74, 49 = 4*n - 5*z. What is the tens digit of n?
1
Let j be (-4)/(-14) + (-16)/7. Let x = 2 - j. Suppose -x*p + 10 = 4*n - 2, 4*n - 4*p = 44. What is the units digit of n?
7
Suppose -p = -0*p - 166. Suppose 5*w - p = 39. What is the units digit of w?
1
Let q be 6*((-6)/(-9))/1. What is the tens digit of (-165)/10*q/(-6)?
1
Let y(l) = l**2 - 6*l + 4. Let i be y(5). What is the units digit of 2/(-2) - i*3?
2
Suppose 5 = m, -3*n + 46 = -3*m - m. What is the units digit of n?
2
Suppose -x + 40 = 3*p - 39, -p = x - 73. What is the units digit of x?
0
Let s = 5 + 11. What is the units digit of s?
6
Let b(u) = u**2 - u + 41. Let g be 0/((-8)/(-20)*5). What is the units digit of b(g)?
1
Let r = 152 + -83. What is the tens digit of r?
6
Suppose -y + 8 = 3*y. Suppose 4 = -y*l + 28. What is the units digit of l?
2
Let p = 45 - 12. What is the units digit of p?
3
Let p(m) = -m + 8. What is the units digit of p(0)?
8
Suppose -3*j + 57 = -0*j. Let k = j + -8. What is the units digit of k?
1
Let x be ((-672)/35)/(3/(-10)). Suppose o = 2*o - x. Suppose 5*h - 5*s = o + 11, s + 39 = 3*h. What is the tens digit of h?
1
Let d = 5 - -4. What is the units digit of d?
9
Let g(w) = w - 13. Let k be g(13). What is the units digit of ((-4)/(-8) + k)*70?
5
Let q(i) = -i**2 + 18*i - 26. What is the tens digit of q(8)?
5
Let m be (-2)/(-4)*8/1. Let l be 1/2 - m/(-8). Suppose -l = -2*z + 3. What is the units digit of z?
2
Suppose v - 2*x - 163 = 0, -v = 3*v - 3*x - 652. Suppose -3*f + g - v = 0, -4*g + g + 3 = 0. What is the units digit of ((-4)/6)/(3/f)?
2
Let p = -27 + 12. Let b = p - -26. What is the tens digit of b?
1
Suppose -5*p - 5*g = -g - 52, -p = 4*g - 4. Let z be (-1)/(-3) + 8/p. What is the units digit of 30/12 - z/2?
2
Let g(p) = 3*p**2 - 2*p - 5. Let d be g(5). Suppose -a - 2*a = -d. Let o = 29 - a. What is the units digit of o?
9
Let d(l) = -l**3 + 6*l**2 - 3*l - 3. Let h be 3 + (-9)/(0 + 3). Suppose -8 = -5*z + 4*y, h = -5*z - 2*y - 6 + 32. What is the units digit of d(z)?
7
What is the units digit of 1 - (20/5 - 223)?
0
Let d = -55 - -77. Let p be (26/6)/((-3)/9). Let f = p + d. What is the units digit of f?
9
Suppose 0 = 3*f - 4*i - 91, 73 = 3*f + 4*i - 34. What is the units digit of f?
3
Suppose 4*b = 5*x + 839, 3*b - 2*b = -2*x + 200. What is the units digit of b?
6
Suppose -86 - 149 = -5*r. What is the units digit of r?
7
Suppose -r - 2*r + 2*k + 15 = 0, 5*r - 2*k - 25 = 0. Let l = 5 + r. What is the tens digit of l?
1
Let r(k) = -2*k + 93. What is the tens digit of r(0)?
9
Let s(i) = i**2 + 13*i - 8. What is the units digit of s(8)?
0
Let o(u) = 4 + 5 - 4*u - 1 + 7. What is the units digit of o(-11)?
9
What is the tens digit of 304/4 - -3*1?
7
Suppose -i - c + 10 = 2*c, i - 5*c + 14 = 0. Suppose -i = -4*v - 3*y + 5, -5*v + 3*y = 6. Let r(d) = d**2 - d + 13. What is the tens digit of r(v)?
1
Let n(f) = -f**2 - 16*f + 26. What is the units digit of n(-13)?
5
What is the hundreds digit of -1*278/(-4)*(-5 - -7)?
1
Let b(w) = -w**3 + 5*w**2 - 3*w - 1. Let u = 11 - 2. Let y be (-14)/(-6) - (-6)/u. What is the units digit of b(y)?
8
Suppose -4*v = -451 + 23. Let u = v - -20. Suppose u = 5*d + 42. What is the units digit of d?
7
Let j = 7 - 4. Suppose j*n + l = 68, l = n + 2*l - 22. What is the units digit of n?
3
Suppose -3*i - 309 = -2085. Let n be i/12 - (-6)/9. Suppose -14 = -4*o + n. What is the units digit of o?
6
Let k(j) = -13*j**2 - 2*j + 1. Let q be k(1). What is the tens digit of (-5)/1*q/5?
1
Let q = -178 + 378. What is the tens digit of q?
0
Suppose -2*o - 10 = -q, 3*o - q = 2*q - 18. Let u = 7 + o. Suppose -u*v = -18 - 6. What is the units digit of v?
8
Let u(o) = 3*o**3 + 2*o + 2. Let s(z) = 7*z**3 + z**2 + 5*z + 4. Let y(i) = -2*s(i) + 5*u(i). What is the tens digit of y(3)?
1
Let s(v) = -2*v**2 - 5*v - 3. Let p be s(-4). Let g(b) = b**2 + 14*b + 10. What is the units digit of g(p)?
5
Let w(i) = -i**2 - 13*i - 7. Let m be w(-12). Suppose m*a = 87 - 12. What is the tens digit of a?
1
Suppose 5*u - 46 = k, 10 - 44 = -5*u + 4*k. What is the units digit of 3*u/3 + 2?
2
Suppose 0 = -r - 0*r. Suppose 4*c - 9 = -3*k + 8, -c - 1 = r. What is the units digit of k?
7
Let o = 125 - 59. What is the units digit of o?
6
Let h(o) = -2*o**3 - 2*o**2 + 1. Let w = 11 - 14. Let a(t) = -t**3 - t**2 + t. Let i(y) = w*a(y) + h(y). What is the units digit of i(2)?
7
Let d(y) = -y**3 - 14*y**2 - 16*y + 31. What is the units digit of d(-13)?
0
Let q(y) = 2*y + 13. Let b be q(-4). Let l be (-1)/4 + 26/8. Suppose 0 = b*v - l*r - 8, 2*v + 2*v + 2*r - 24 = 0. What is the units digit of v?
4
What is the units digit of 12/(72/1838) - (-4)/6?
7
Let f be (-2)/3*3 - 3. Let j = 0 - f. Suppose -s + 9 = j*b, -3*s = s + 4*b - 52. What is the units digit of s?
4
Let n(j) be the third derivative of j**6/60 - j**5/20 + j**4/8 - 2*j**3/3 - 6*j**2. What is the units digit of n(3)?
2
Suppose 3*r - 2*x = 40, -2*r + 5*x - 25 = -7*r. Let a = r + -6. What is the units digit of a?
4
Suppose 28 = 2*x - 3*p, -x + 4*p + 13 = 2*p. Let h = x - 10. What is the units digit of h?
7
Let w be (4/5)/((-1)/(-10)). Let d be (-45)/(-12) + 2/w. Suppose y = -d + 6. What is the units digit of y?
2
Suppose -5*d - 10 = -u, -6*u + 2*u = 5*d - 15. Suppose -u*r = -67 - 33. What is the tens digit of r?
2
Suppose -44 = 2*i - 0*i. Let a be i/(-7) + (-1)/7. Suppose 5*t - 8 = a*t. What is the units digit of t?
4
Let c = 18 - 11. Let v = -15 - c. Let l = -13 - v. What is the units digit of l?
9
Suppose 0 = -3*g - 1 + 10. Let v = -5 + g. What is the units digit of v/(-1)*9/6?
3
Let p(u) = 4*u + 1. Let r(x) = 3*x + 1. Let k(d) = -2*p(d) + 3*r(d). Suppose -m + 23 = 4*f + 2, 21 = -f + 5*m. What is the units digit of k(f)?
5
Let w(h) = h**2 - 4*h + 2. Let j be w(2). Let g be 0*(j - (-3)/2). Suppose g = -b - 0*b + 9. What is the units digit of b?
9
Let c(t) = t**3 + 4*t**2 - 3*t + 1. Let z be (35/28)/((-2)/8). Let a be c(z). What is the tens digit of (-3)/((-4)/((-228)/a))?
1
Let r(a) = a + 9. Let l be r(0). Suppose -1 = -4*u + 5*k - 14, u = -2*k. Let x = l + u. What is the units digit of x?
7
Let t(h) = 11*h**3 + h**2 - 1. Suppose 4*w = -s + 1 + 1, w - 4*s - 9 = 0. What is the units digit of t(w)?
1
Let u = 15 - 4. Let x = u - -5. What is the tens digit of x?
1
Suppose -4*q + 33 + 7 = 0. What is the units digit of q?
0
Let f = -2 - -5. Suppose -f*r - 8 = -2. What is the units digit of -4*5/r + 0?
0
Let u(k) = -k**2 - 8*k + 50. What is the units digit of u(-10)?
0
Let c(q) = q**2 + 6. Let l be (-2)/(-8) - (-2)/(-8). Let g be c(l). Suppose -4*h + h = -g. What is the units digit of h?
2
Suppose -5*u - 4*p + 1616 = -0*p, 3*u - p = 956. What is the hundreds digit of u?
3
Let h = -182 + 209. What is the units digit of h?
7
Suppose 5*t = 17*t - 396. What is the units digit of t?
3
Suppose -5*b - 3*u = -104, -b + 2*u = -0*u - 26. Suppose 0 = i - 4 + 6, -